{"id":882,"date":"2021-09-16T00:15:58","date_gmt":"2021-09-16T00:15:58","guid":{"rendered":"http:\/\/alarmasdigitales.com\/?page_id=882"},"modified":"2021-10-04T19:04:50","modified_gmt":"2021-10-04T19:04:50","slug":"cercas-electricas","status":"publish","type":"page","link":"https:\/\/alarmasdigitales.com\/index.php\/cercas-electricas\/","title":{"rendered":"CERCAS ELECTRICAS"},"content":{"rendered":"\t\t<div data-elementor-type=\"wp-page\" data-elementor-id=\"882\" class=\"elementor elementor-882\" data-elementor-settings=\"[]\">\n\t\t\t\t\t\t\t<div class=\"elementor-section-wrap\">\n\t\t\t\t\t\t\t<section class=\"elementor-section elementor-top-section elementor-element elementor-element-663cc339 elementor-section-stretched elementor-section-full_width elementor-section-height-min-height elementor-section-items-stretch elementor-section-content-middle elementor-section-height-default\" data-id=\"663cc339\" data-element_type=\"section\" data-settings=\"{&quot;stretch_section&quot;:&quot;section-stretched&quot;,&quot;background_background&quot;:&quot;classic&quot;}\">\n\t\t\t\t\t\t\t<div class=\"elementor-background-overlay\"><\/div>\n\t\t\t\t\t\t\t<div class=\"elementor-container elementor-column-gap-no\">\n\t\t\t\t\t<div class=\"elementor-column elementor-col-50 elementor-top-column elementor-element elementor-element-5f8147df\" data-id=\"5f8147df\" data-element_type=\"column\" data-settings=\"{&quot;background_background&quot;:&quot;classic&quot;}\">\n\t\t\t<div class=\"elementor-widget-wrap elementor-element-populated\">\n\t\t\t\t\t<div class=\"elementor-background-overlay\"><\/div>\n\t\t\t\t\t\t\t\t<div class=\"elementor-element elementor-element-3f663e7f elementor-hidden-phone elementor-widget elementor-widget-image\" data-id=\"3f663e7f\" data-element_type=\"widget\" data-widget_type=\"image.default\">\n\t\t\t\t<div class=\"elementor-widget-container\">\n\t\t\t\t\t\t\t\t\t\t\t\t\t\t\t<img src=\"https:\/\/alarmasdigitales.com\/wp-content\/uploads\/2021\/09\/WhatsApp-Image-2021-09-15-at-7.14.46-PM.jpeg\" title=\"WhatsApp Image 2021-09-15 at 7.14.46 PM\" alt=\"WhatsApp Image 2021-09-15 at 7.14.46 PM\" \/>\t\t\t\t\t\t\t\t\t\t\t\t\t\t\t<\/div>\n\t\t\t\t<\/div>\n\t\t\t\t\t<\/div>\n\t\t<\/div>\n\t\t\t\t<div class=\"elementor-column elementor-col-50 elementor-top-column elementor-element elementor-element-452d085d\" data-id=\"452d085d\" data-element_type=\"column\" data-settings=\"{&quot;background_background&quot;:&quot;none&quot;}\">\n\t\t\t<div class=\"elementor-widget-wrap elementor-element-populated\">\n\t\t\t\t\t\t\t\t<div class=\"elementor-element elementor-element-59b6a331 elementor-widget elementor-widget-image\" data-id=\"59b6a331\" data-element_type=\"widget\" data-widget_type=\"image.default\">\n\t\t\t\t<div class=\"elementor-widget-container\">\n\t\t\t\t\t\t\t\t\t\t\t\t\t\t\t<img width=\"313\" height=\"176\" src=\"https:\/\/alarmasdigitales.com\/wp-content\/uploads\/2021\/08\/cropped-cropped-30073072_1941933752503881_2053803462433084682_o-e1630052742119-1-1-removebg-preview-1.png\" class=\"attachment-medium_large size-medium_large\" alt=\"\" loading=\"lazy\" srcset=\"https:\/\/alarmasdigitales.com\/wp-content\/uploads\/2021\/08\/cropped-cropped-30073072_1941933752503881_2053803462433084682_o-e1630052742119-1-1-removebg-preview-1.png 313w, https:\/\/alarmasdigitales.com\/wp-content\/uploads\/2021\/08\/cropped-cropped-30073072_1941933752503881_2053803462433084682_o-e1630052742119-1-1-removebg-preview-1-300x169.png 300w\" sizes=\"(max-width: 313px) 100vw, 313px\" \/>\t\t\t\t\t\t\t\t\t\t\t\t\t\t\t<\/div>\n\t\t\t\t<\/div>\n\t\t\t\t<div class=\"elementor-element elementor-element-35c38e13 elementor-widget elementor-widget-global elementor-global-705 elementor-widget-heading\" data-id=\"35c38e13\" data-element_type=\"widget\" data-widget_type=\"heading.default\">\n\t\t\t\t<div class=\"elementor-widget-container\">\n\t\t\t<h2 class=\"elementor-heading-title elementor-size-default\">VIVE Y DUERME TRANQUILO<\/h2>\t\t<\/div>\n\t\t\t\t<\/div>\n\t\t\t\t<div class=\"elementor-element elementor-element-5df56e34 elementor-widget elementor-widget-heading\" data-id=\"5df56e34\" data-element_type=\"widget\" data-widget_type=\"heading.default\">\n\t\t\t\t<div class=\"elementor-widget-container\">\n\t\t\t<h2 class=\"elementor-heading-title elementor-size-default\">CERCAS\nELECTRICAS<\/h2>\t\t<\/div>\n\t\t\t\t<\/div>\n\t\t\t\t<div class=\"elementor-element elementor-element-4384bdbe elementor-widget-divider--view-line elementor-widget elementor-widget-divider\" data-id=\"4384bdbe\" data-element_type=\"widget\" data-widget_type=\"divider.default\">\n\t\t\t\t<div class=\"elementor-widget-container\">\n\t\t\t\t\t<div class=\"elementor-divider\">\n\t\t\t<span class=\"elementor-divider-separator\">\n\t\t\t\t\t\t<\/span>\n\t\t<\/div>\n\t\t\t\t<\/div>\n\t\t\t\t<\/div>\n\t\t\t\t<div class=\"elementor-element elementor-element-1ed8bc3f elementor-widget elementor-widget-text-editor\" data-id=\"1ed8bc3f\" data-element_type=\"widget\" data-widget_type=\"text-editor.default\">\n\t\t\t\t<div class=\"elementor-widget-container\">\n\t\t\t\t\t\t\t\t<h5 style=\"text-align: left;\"><strong>Las cercas electrificadas dan un gran respaldo a la vigilancia del \u00e1rea perimetral el dise\u00f1o de las instalaciones de cercas el\u00e9ctricas se realizan con la mayor experiencia y profesionalismo que respaldan nuestros clientes, durante 25 a\u00f1os. Las instalaciones perimetrales son construidas con materiales de excelente calidad, altamente resistentes a la intemperie y ligeras. Las se\u00f1ales emitidas son muy precisas en la detecci\u00f3n de posibles actividades de intrusi\u00f3n de personas , animales o eventos fortuitos. Es vital importancia contar con un cerco el\u00e9ctrico, los niveles de inseguridad en el pa\u00eds han ido en aumento con el paso del tiempo, las cercas perimetrales electrificadas, disuaden a los ladrones y\/o amenazas que atentan contra su patrimonio, en el momento que la cerca electrificada entra en contacto con alguna persona emite una descarga que electriza adem\u00e1s de dispara una alarma, esto logra que el ladr\u00f3n se aleje, adem\u00e1s de que alerta a la gente que este cerca.<\/strong><\/h5><h5 style=\"text-align: left;\"><br \/><strong>\u2022 MANTENIMIENTO DE CERCA<\/strong><br \/><strong>MANTENIMIENTO A CERCOS EL\u00c9CTRICOS \u00bfUsted ya cuenta con un cerca perimetral electrificada y presenta alg\u00fan fallo?, nuestros t\u00e9cnicos pueden dar mantenimiento a su cerca el\u00e9ctrica.<\/strong><\/h5>\t\t\t\t\t\t<\/div>\n\t\t\t\t<\/div>\n\t\t\t\t\t<\/div>\n\t\t<\/div>\n\t\t\t\t\t\t\t<\/div>\n\t\t<\/section>\n\t\t\t\t\t\t<\/div>\n\t\t\t\t\t<\/div>\n\t\t","protected":false},"excerpt":{"rendered":"<p>VIVE Y DUERME TRANQUILO CERCAS ELECTRICAS Las cercas electrificadas dan un gran respaldo a la vigilancia del \u00e1rea perimetral el dise\u00f1o de las instalaciones de cercas el\u00e9ctricas se realizan con&hellip;<\/p>\n","protected":false},"author":1,"featured_media":0,"parent":0,"menu_order":0,"comment_status":"closed","ping_status":"closed","template":"","meta":{"om_disable_all_campaigns":false},"_links":{"self":[{"href":"https:\/\/alarmasdigitales.com\/index.php\/wp-json\/wp\/v2\/pages\/882"}],"collection":[{"href":"https:\/\/alarmasdigitales.com\/index.php\/wp-json\/wp\/v2\/pages"}],"about":[{"href":"https:\/\/alarmasdigitales.com\/index.php\/wp-json\/wp\/v2\/types\/page"}],"author":[{"embeddable":true,"href":"https:\/\/alarmasdigitales.com\/index.php\/wp-json\/wp\/v2\/users\/1"}],"replies":[{"embeddable":true,"href":"https:\/\/alarmasdigitales.com\/index.php\/wp-json\/wp\/v2\/comments?post=882"}],"version-history":[{"count":33,"href":"https:\/\/alarmasdigitales.com\/index.php\/wp-json\/wp\/v2\/pages\/882\/revisions"}],"predecessor-version":[{"id":1063,"href":"https:\/\/alarmasdigitales.com\/index.php\/wp-json\/wp\/v2\/pages\/882\/revisions\/1063"}],"wp:attachment":[{"href":"https:\/\/alarmasdigitales.com\/index.php\/wp-json\/wp\/v2\/media?parent=882"}],"curies":[{"name":"wp","href":"https:\/\/api.w.org\/{rel}","templated":true}]}}